{"id":899,"date":"2021-08-20T13:44:10","date_gmt":"2021-08-20T13:44:10","guid":{"rendered":"https:\/\/strasbourg-location-appartement.com\/?page_id=899"},"modified":"2021-10-31T11:10:09","modified_gmt":"2021-10-31T11:10:09","slug":"appartement-17","status":"publish","type":"page","link":"https:\/\/strasbourg-location-appartement.com\/index.php\/appartement-17\/","title":{"rendered":"Appartement 17 &#8211; Duplex de Luxe, 2 \u00e0 4 personnes"},"content":{"rendered":"<p>[vc_row][vc_column][rev_slider_vc alias=&#8221;slider-6&#8243;]<div class=\"sohohotel-title3 sohohotel-title-color\"><h4>Description de l'appartement 17 - Duplex de Luxe, 2 \u00e0 4 personnes<\/h4><\/div>[vc_column_text]D&#8217;une superficie de 42 m\u00b2 l&#8217;appartement 17 est un Duplex de Luxe qui comprend :<\/p>\n<p>&#8211; un coin salon et salle \u00e0 manger ;<\/p>\n<p>&#8211; une chambre ouverte avec 1 lit 160 x 2,00 ;<\/p>\n<p>&#8211; deux lits simples 80*200 ;<\/p>\n<p>&#8211; une salle de bains \u00e9quip\u00e9e d\u2019une douche \u00a0 ;<\/p>\n<p>&#8211; une kitchenette avec four \u00e0 micro-ondes, plaques \u00e0 induction, \u00a0une machine \u00e0 caf\u00e9 et un r\u00e9frig\u00e9rateur.[\/vc_column_text][vc_tta_tabs][vc_tta_section title=&#8221;Equipement&#8221; tab_id=&#8221;1537784805224-44b90db2-280a&#8221;][vc_column_text]<\/p>\n<table>\n<tbody>\n<tr>\n<td data-title=\"Column 1\"><i class=\"fa fa-wifi\"><\/i>Wifi<\/td>\n<td data-title=\"Column 1\"><span class=\"\">T\u00e9l\u00e9viseur \u00e0 \u00e9cran plat<\/span><\/td>\n<td data-title=\"Column 1\">Salle de bains privative<\/td>\n<\/tr>\n<tr>\n<td data-title=\"Column 2\"><span class=\"\">Mat\u00e9riel de repassage<\/span><\/td>\n<td data-title=\"Column 2\"><span class=\"\">Bouilloire \u00e9lectrique<\/span><\/td>\n<td data-title=\"Column 2\"><span class=\"\">Articles de toilette gratuits<\/span><\/td>\n<\/tr>\n<tr>\n<td data-title=\"Column 3\">Lit King size<\/td>\n<td data-title=\"Column 3\"><span class=\"\">R\u00e9frig\u00e9rateur<\/span><\/td>\n<td data-title=\"Column 3\"><span class=\"\">Ustensiles de cuisine<\/span><\/td>\n<\/tr>\n<tr>\n<td data-title=\"Column 4\">Machine \u00e0 Caf\u00e9<\/td>\n<td data-title=\"Column 4\"><span class=\"\">Produits m\u00e9nagers<\/span><\/td>\n<td data-title=\"Column 4\"><i class=\"fa fa-key\"><\/i>Appartement s\u00e9curis\u00e9<\/td>\n<\/tr>\n<\/tbody>\n<\/table>\n<p>[\/vc_column_text][\/vc_tta_section][vc_tta_section title=&#8221;Tarifs&#8221; tab_id=&#8221;1537784808237-4420b1fb-8092&#8243;][vc_column_text]A partir de 153 \u20ac, effectuez une demande de r\u00e9servation avec vos dates, nous vous garantissons le meilleur prix pour la dur\u00e9e de votre s\u00e9jour en passant en direct.[\/vc_column_text][\/vc_tta_section][\/vc_tta_tabs][vc_empty_space height=&#8221;15px&#8221;][vc_gallery type=&#8221;image_grid&#8221; images=&#8221;963,965,966,967,964,969&#8243; title=&#8221;Galerie Appartement 17&#8243;][\/vc_column][\/vc_row][vc_row][vc_column][vc_empty_space height=&#8221;60px&#8221;]<div class=\"sohohotel-title3 sohohotel-title-color\"><h4>Demande de r\u00e9servation<\/h4><\/div><div role=\"form\" class=\"wpcf7\" id=\"wpcf7-f5-o1\" lang=\"fr-FR\" dir=\"ltr\">\n<div class=\"screen-reader-response\"><p role=\"status\" aria-live=\"polite\" aria-atomic=\"true\"><\/p> <ul><\/ul><\/div>\n<form action=\"\/index.php\/wp-json\/wp\/v2\/pages\/899#wpcf7-f5-o1\" method=\"post\" class=\"wpcf7-form init\" novalidate=\"novalidate\" data-status=\"init\">\n<div style=\"display: none;\">\n<input type=\"hidden\" name=\"_wpcf7\" value=\"5\" \/>\n<input type=\"hidden\" name=\"_wpcf7_version\" value=\"5.4.2\" \/>\n<input type=\"hidden\" name=\"_wpcf7_locale\" value=\"fr_FR\" \/>\n<input type=\"hidden\" name=\"_wpcf7_unit_tag\" value=\"wpcf7-f5-o1\" \/>\n<input type=\"hidden\" name=\"_wpcf7_container_post\" value=\"0\" \/>\n<input type=\"hidden\" name=\"_wpcf7_posted_data_hash\" value=\"\" \/>\n<\/div>\n<p><label> Votre Nom et Pr\u00e9nom<br \/>\n    <span class=\"wpcf7-form-control-wrap your-name\"><input type=\"text\" name=\"your-name\" value=\"\" size=\"40\" class=\"wpcf7-form-control wpcf7-text wpcf7-validates-as-required\" aria-required=\"true\" aria-invalid=\"false\" \/><\/span> <\/label><\/p>\n<p><label> Votre email<br \/>\n    <span class=\"wpcf7-form-control-wrap your-email\"><input type=\"email\" name=\"your-email\" value=\"\" size=\"40\" class=\"wpcf7-form-control wpcf7-text wpcf7-email wpcf7-validates-as-required wpcf7-validates-as-email\" aria-required=\"true\" aria-invalid=\"false\" \/><\/span> <\/label><\/p>\n<p><label> Votre t\u00e9l\u00e9phone<br \/>\n    <span class=\"wpcf7-form-control-wrap tel-456\"><input type=\"tel\" name=\"tel-456\" value=\"\" size=\"40\" class=\"wpcf7-form-control wpcf7-text wpcf7-tel wpcf7-validates-as-required wpcf7-validates-as-tel\" aria-required=\"true\" aria-invalid=\"false\" \/><\/span> <\/label><\/p>\n<p><label> S\u00e9lectionnez l'appartement que vous d\u00e9sirez occuper<br \/>\n<span class=\"wpcf7-form-control-wrap menu-769\"><select name=\"menu-769\" class=\"wpcf7-form-control wpcf7-select wpcf7-validates-as-required\" aria-required=\"true\" aria-invalid=\"false\"><option value=\"Appartement 11 - Suite\">Appartement 11 - Suite<\/option><option value=\"Appartement 12 - Studio\">Appartement 12 - Studio<\/option><option value=\"Appartement 14 - Suite\">Appartement 14 - Suite<\/option><option value=\"Appartement 15 - Duplex\">Appartement 15 - Duplex<\/option><option value=\"Appartement 16 - Duplex de Luxe\">Appartement 16 - Duplex de Luxe<\/option><option value=\"Appartement 17 - De Luxe\">Appartement 17 - De Luxe<\/option><option value=\"Appartement 18 - Duplex de Luxe\">Appartement 18 - Duplex de Luxe<\/option><\/select><\/span> <\/label><\/p>\n<p><label> Date de d\u00e9but de la r\u00e9servation<br \/>\n    <span class=\"wpcf7-form-control-wrap text-585\"><input type=\"text\" name=\"text-585\" value=\"\" size=\"40\" class=\"wpcf7-form-control wpcf7-text\" aria-invalid=\"false\" \/><\/span><\/label><\/p>\n<p><label> Date de fin de la r\u00e9servation<br \/>\n    <span class=\"wpcf7-form-control-wrap text-586\"><input type=\"text\" name=\"text-586\" value=\"\" size=\"40\" class=\"wpcf7-form-control wpcf7-text\" aria-invalid=\"false\" \/><\/span><\/label><\/p>\n<p><label> Heure d'arriv\u00e9e approximative<br \/>\n    <span class=\"wpcf7-form-control-wrap menu-30\"><select name=\"menu-30\" class=\"wpcf7-form-control wpcf7-select wpcf7-validates-as-required\" aria-required=\"true\" aria-invalid=\"false\"><option value=\"14:00\">14:00<\/option><option value=\"14:30\">14:30<\/option><option value=\"15:00\">15:00<\/option><option value=\"15:30\">15:30<\/option><option value=\"16:00\">16:00<\/option><option value=\"16:30\">16:30<\/option><option value=\"17:00\">17:00<\/option><option value=\"17:30\">17:30<\/option><option value=\"18:00\">18:00<\/option><option value=\"18:30\">18:30<\/option><option value=\"19:00\">19:00<\/option><option value=\"19:30\">19:30<\/option><option value=\"20:00\">20:00<\/option><option value=\"20:30\">20:30<\/option><option value=\"21:00\">21:00<\/option><option value=\"21:30\">21:30<\/option><\/select><\/span><\/label><\/p>\n<p><label> Remarque ou demande sp\u00e9cifique<br \/>\n    <span class=\"wpcf7-form-control-wrap your-message\"><textarea name=\"your-message\" cols=\"40\" rows=\"10\" class=\"wpcf7-form-control wpcf7-textarea\" aria-invalid=\"false\"><\/textarea><\/span> <\/label><\/p>\n<p><input type=\"submit\" value=\"Envoyer\" class=\"wpcf7-form-control wpcf7-submit\" \/><\/p>\n<div class=\"wpcf7-response-output\" aria-hidden=\"true\"><\/div><\/form><\/div>[\/vc_column][\/vc_row]<\/p>\n","protected":false},"excerpt":{"rendered":"<p>[vc_row][vc_column][rev_slider_vc alias=&#8221;slider-6&#8243;][vc_column_text]D&#8217;une superficie de 42 m\u00b2 l&#8217;appartement 17 est un Duplex de Luxe qui comprend : &#8211; un coin salon et salle \u00e0 manger ; &#8211; une chambre ouverte avec 1 lit 160 x 2,00 ; &#8211; deux lits simples 80*200 ; &#8211; une salle de bains \u00e9quip\u00e9e d\u2019une douche \u00a0 ; &#8211; une kitchenette<\/p>\n<a href=\"https:\/\/strasbourg-location-appartement.com\/index.php\/appartement-17\/\" class=\"sohohotel-more-link\">Read More<i class=\"fa fa-angle-right\"><\/i><\/a>","protected":false},"author":1,"featured_media":0,"parent":0,"menu_order":0,"comment_status":"closed","ping_status":"closed","template":"","meta":{"footnotes":""},"class_list":["post-899","page","type-page","status-publish","hentry"],"aioseo_notices":[],"_links":{"self":[{"href":"https:\/\/strasbourg-location-appartement.com\/index.php\/wp-json\/wp\/v2\/pages\/899","targetHints":{"allow":["GET"]}}],"collection":[{"href":"https:\/\/strasbourg-location-appartement.com\/index.php\/wp-json\/wp\/v2\/pages"}],"about":[{"href":"https:\/\/strasbourg-location-appartement.com\/index.php\/wp-json\/wp\/v2\/types\/page"}],"author":[{"embeddable":true,"href":"https:\/\/strasbourg-location-appartement.com\/index.php\/wp-json\/wp\/v2\/users\/1"}],"replies":[{"embeddable":true,"href":"https:\/\/strasbourg-location-appartement.com\/index.php\/wp-json\/wp\/v2\/comments?post=899"}],"version-history":[{"count":6,"href":"https:\/\/strasbourg-location-appartement.com\/index.php\/wp-json\/wp\/v2\/pages\/899\/revisions"}],"predecessor-version":[{"id":1011,"href":"https:\/\/strasbourg-location-appartement.com\/index.php\/wp-json\/wp\/v2\/pages\/899\/revisions\/1011"}],"wp:attachment":[{"href":"https:\/\/strasbourg-location-appartement.com\/index.php\/wp-json\/wp\/v2\/media?parent=899"}],"curies":[{"name":"wp","href":"https:\/\/api.w.org\/{rel}","templated":true}]}}